= -p**3 + 32*p**2 - 194*p - 131. Give i(9).
-14
Let f(x) = 80*x**2 - 555*x - 31. Determine f(7).
4
Let j(a) = 397*a**2 - 580*a + 7. Determine j(1).
-176
Let a(u) = 2*u**2 - 32*u - 821. Determine a(-17).
301
Let q(a) = -44*a**2 + 861*a - 72. Calculate q(19).
403
Let b(r) = 6*r**2 - 331*r - 2717. Give b(64).
675
Let i(g) = -13*g**3 - 28*g**2 - 428*g - 1494. Determine i(-6).
2874
Let h(p) = 10*p**2 + 5*p - 91. Calculate h(7).
434
Let b(s) = -11241*s + 5272018. Calculate b(469).
-11
Let i(c) = -c**3 + 387*c**2 - 3036*c + 25. Calculate i(8).
-7
Let q(p) = 2*p**2 - 5603*p - 2735210. What is q(-424)?
14
Let f(j) = 15*j**2 + 879*j - 287. What is f(-59)?
67
Let q(a) = 6*a**2 - 30773*a - 431999. What is q(-14)?
-1
Let b(d) = -7*d**2 - 701*d - 14180. What is b(-72)?
4
Let r(i) = -i**2 + 103*i + 1810. Give r(-16).
-94
Let x(k) = 535*k + 4852. What is x(-9)?
37
Let p(r) = r**3 + 79*r**2 - 101*r - 871. What is p(-80)?
809
Let g(y) = -y**3 - 22*y**2 - 200*y - 2221. What is g(-9)?
-1474
Let r(a) = -a**3 - 5*a**2 + 46*a - 95. Give r(-14).
1025
Let d(s) = -s**3 - 66*s**2 + 1880*s - 9999. Give d(15).
-24
Let s(c) = -6*c**2 + 2204*c - 28335. Calculate s(354).
-15
Let p(k) = -589*k + 10690. Give p(18).
88
Let b(m) = -3660*m + 18232. What is b(5)?
-68
Let m(r) = -125*r - 13223. Give m(-104).
-223
Let k(g) = 8*g**2 - 327*g - 567. What is k(39)?
-1152
Let y(i) = i**3 - 9*i**2 - 31*i - 22. Calculate y(12).
38
Let y(h) = -3013*h + 177164. What is y(59)?
-603
Let k(r) = -r**3 - 9*r**2 - 76*r - 1041. Calculate k(-11).
37
Let q(d) = -d**3 + 12*d**2 - 224*d - 2399. Determine q(-8).
673
Let s(h) = -14*h**2 - 8889*h + 6. Give s(0).
6
Let v(y) = 2*y**2 + 561*y + 39425. Give v(-146).
151
Let g(t) = t**3 + 14*t**2 - 944*t - 662. Calculate g(24).
-1430
Let r(s) = -3842*s + 12179. Give r(3).
653
Let v(w) = 84*w - 7853. Give v(15).
-6593
Let h(g) = 11121*g - 633890. Give h(57).
7
Let b(m) = 2*m**3 + 96*m**2 + 1305*m + 56978. What is b(-47)?
61
Let x(h) = -h**3 + 18*h**2 - 464*h + 9124. Determine x(19).
-53
Let u(r) = -471*r**3 - 3*r**2 - 104*r - 101. Calculate u(-1).
471
Let v(q) = -101*q**3 + 10*q**2 - 159*q + 155. What is v(1)?
-95
Let f(x) = -17260*x + 7680699. What is f(445)?
-1
Let s(j) = 2*j**2 - 283*j + 456. Give s(140).
36
Let v(h) = 7*h**3 - 97*h**2 - 371*h - 39. What is v(17)?
12
Let s(c) = -2*c**3 - 100*c**2 - 788*c - 39393. What is s(-50)?
7
Let h(g) = g**2 + 289*g + 20017. Give h(-175).
67
Let x(h) = -224*h + 2066. Calculate x(9).
50
Let k(j) = 850472*j - 116514667. Calculate k(137).
-3
Let n(h) = h**2 + 16980*h + 84889. Determine n(-5).
14
Let g(y) = 1997844*y + 11987070. Determine g(-6).
6
Let j(h) = h**3 - 9*h**2 - 253*h + 2431. What is j(13)?
-182
Let g(z) = 110*z + 3108. What is g(-28)?
28
Let c(q) = 6785*q**2 - 40676*q - 218. Calculate c(6).
-14
Let z(a) = -3*a**3 - 1005*a**2 - 2001*a - 1010. Give z(-333).
-11
Let w(q) = q**3 + 29*q**2 + 126*q - 131. Calculate w(-6).
-59
Let s(v) = -9*v**3 - 22*v**2 - 8*v - 2. Determine s(-2).
-2
Let g(k) = -k**3 - 44*k**2 - 221*k - 1031. Calculate g(-39).
-17
Let q(l) = -2538*l - 7624. Determine q(-3).
-10
Let j(y) = 117*y**2 + 585*y - 4246. Determine j(7).
5582
Let t(f) = -1344*f + 127651. Determine t(95).
-29
Let k(m) = 733513*m + 3667555. Calculate k(-5).
-10
Let p(x) = -2*x**3 - 153*x**2 - 1203*x + 59. Determine p(-9).
-49
Let g(r) = -13*r**3 + 149*r**2 + 43*r + 378. Determine g(12).
-114
Let f(q) = -338*q + 1449. Calculate f(5).
-241
Let m(s) = -s**3 + 12*s**2 + 1260*s - 15090. Determine m(12).
30
Let o(y) = -2*y**3 - 11*y**2 + 321*y - 509. Determine o(9).
31
Let y(a) = -1920*a + 114002. What is y(59)?
722
Let g(m) = -48*m**2 - 250*m + 244. Calculate g(1).
-54
Let p(u) = u**3 + 372*u**2 - 14715*u - 11036. Calculate p(-408).
-20
Let t(h) = 2*h**2 + 378*h + 11772. What is t(-150)?
72
Let n(b) = -300*b - 2675. Calculate n(-16).
2125
Let h(v) = 128*v**2 + 7299*v + 16. Give h(-57).
-155
Let g(q) = 25*q**3 + 1070*q**2 - 142*q + 3141. What is g(-43)?
2
Let b(n) = -1651*n - 22451. Give b(-14).
663
Let n(b) = -b**3 - 24*b**2 - 121*b - 106. Calculate n(-16).
-218
Let q(l) = -1731*l - 1033355. Give q(-597).
52
Let u(k) = 623*k + 46040. Determine u(-74).
-62
Let o(j) = 462*j - 6265. Determine o(15).
665
Let w(t) = -t**3 - 16*t**2 + 166*t + 155. What is w(-23)?
40
Let m(g) = 3*g**3 - 625*g**2 - 14248*g + 11455. Determine m(229).
5
Let l(s) = -15802*s + 110905. What is l(7)?
291
Let b(q) = 5*q - 161. Give b(-32).
-321
Let l(z) = -39676*z + 2459918. Determine l(62).
6
Let r(f) = 43*f**3 + 23*f**2 - 7*f - 3. Calculate r(-2).
-241
Let w(a) = 15349*a + 76729. Calculate w(-5).
-16
Let q(a) = -4*a**2 - 46*a - 208. Give q(-5).
-78
Let w(v) = v**2 - 248*v - 7261. Calculate w(-25).
-436
Let w(y) = 78196*y - 469183. Give w(6).
-7
Let x(t) = -139*t**2 + 24609*t - 632. Calculate x(177).
430
Let t(y) = -7*y**2 + 474*y - 631. Give t(64).
1033
Let r(n) = 20*n**3 + 104*n**2 - 144*n - 639. Determine r(-5).
181
Let y(c) = 6*c**3 - 15*c**2 - 471*c - 457. Calculate y(-1).
-7
Let o(t) = -71*t + 6126. What is o(89)?
-193
Let m(q) = -3*q**3 - 17*q**2 - 66*q - 151. Calculate m(-4).
33
Let n(c) = -c**3 + 444*c**2 + 4543*c - 1371. Give n(454).
-9
Let m(t) = 206095*t + 618547. Calculate m(-3).
262
Let i(k) = 3*k**3 + 11*k**2 - 6*k - 74. Calculate i(4).
270
Let s(o) = 18*o**2 + 6804*o + 27230. Give s(-4).
302
Let f(l) = l**3 - 83*l**2 - 671*l + 16. What is f(-8)?
-440
Let i(p) = p**3 + 182*p**2 + 364*p + 2. Calculate i(-2).
-6
Let r(x) = x**3 - 62*x**2 - 407*x + 2. Give r(-6).
-4
Let v(j) = -6*j**2 - 84*j - 25. Determine v(-12).
119
Let k(z) = 2*z**2 + 32470*z + 5716297. Give k(-178).
5
Let m(v) = -1123*v**2 + 5*v + 47. Calculate m(0).
47
Let b(p) = -11*p**2 - 892*p + 385. Determine b(-88).
-6303
Let k(x) = -x**3 - 100*x**2 - 554*x + 954. Determine k(-94).
14
Let y(g) = 6*g**3 - 20*g**2 + 13*g - 19. Determine y(7).
1150
Let f(v) = -44126*v - 65835990. Calculate f(-1492).
2
Let r(z) = 248957*z - 746851. What is r(3)?
20
Let y(o) = o**2 - 693*o - 6251. Calculate y(-9).
67
Let h(a) = -a**2 + 970*a - 199866. Determine h(297).
15
Let f(s) = -3*s**2 - 1550*s + 43951. What is f(27)?
-86
Let g(u) = -45*u**2 - 700*u - 38. Give g(-16).
-358
Let t(s) = -31*s**2 + 21*s - 66. Determine t(3).
-282
Let r(j) = -2*j**3 + 15*j**2 + 67*j - 6. Determine r(-5).
284
Let g(b) = -93*b**2 - 84*b - 348. Determine g(-4).
-1500
Let a(n) = 11*n**2 - 6060*n - 24207. Determine a(-4).
209
Let w(a) = -491*a + 34343. Determine w(68).
955
Let g(d) = 6*d**2 + 160*d + 74. Calculate g(-28).
298
Let n(a) = a**2 + 12307*a + 98389. Give n(-8).
-3
Let v(x) = -36*x - 3263. Determine v(-64).
-959
Let t(i) = 1053*i + 28757. What is t(-27)?
326
Let m(c) = -99*c - 12685. Give m(-122).
-607
Let d(c) = -7*c**3 + 39*c**2 - 41*c + 93. Determine d(5).
-12
Let y(b) = -353*b - 3596. Calculate y(-10).
-66
Let l(t) = 8*t**2 - 6304*t - 70332. What is l(799)?
-20
Let q(u) = 2*u**2 - 169752*u - 1188319. Calculate q(-7).
43
Let m(j) = -4*j**2 + 469*j + 14130. What is m(-25)?
-95
Let h(l) = -19164*l + 1782233. What is h(93)?
-19
Let a(k) = -4*k**3 + 891*k**2 + 224*k - 1779. Determine a(223).
-1556
Let a(d) = -9*d**3 - 3218*d**2 + 1420*d - 4293. Calculate a(-358).
3
Let y(g) = 40*g**2 - 194*g - 1240. Give y(9).
254
Let m(c) = -c**3 - 40*c**2 - 235*c - 46. Give m(-32).
-718
Let p(s) = -4742*s - 42625. Calculate p(-9).
53
Let k(f) = f**3 + 4*f**2 - 325*f - 1621. What is k(-5)?
-21
Let k(o) = -9*o**2 + 993*o - 3952. Give k(4).
-124
Let x(c) = 5292*c**2 - 984310*c - 361. Calculate x(186).
11
Let k(m) = -12*m**2 - 162*m + 1615. Determine k(-20).
55
Let v(y) = -y**3 + 101*y**2 + 1143*y - 16825. What is v(110)?
5
Let a(f) = f**2 - 136*f + 4840. Determine a(62).
252
Let c(b) = -17548*b + 596607. Determine c(34).
-25
Let f(q) = 80*q + 14728. What is f(-179)?
408
Let g(h) = -h**2 - 11229*h - 257710. Determine g(-23).
28
Let p(j) = -53143*j + 2391430. Calculate p(45).
-5
Let i(d) = d**3 + 735*d**2 + 7212*d - 27545. Give i(-725).
5
Let a(p) = 9528*p + 19054. Calculate a(-2).
-2
Let p(m) = -19*m**3 + 26*m**2 + 133*m + 16. Calculate p(-5).
2376
Let c(p) = -p**3 - 9*p**2 - 1108*p - 15077. Determine c(-13).
3
Let y(l) = -824*l**2 + 4925*l + 111. Determine y(6).
-3
Let n(m) = -m**2 - 18811*m + 95. Determine n(0).
95
Let w(s) = -s**3 + 5